hen (-15)/(-2 + (-5)/(-4)) is divided by (2 - 1)/(3/21).
6
Suppose 2*k - 238 + 196 = 0. Suppose 0*v + 5*v = 60. Calculate the remainder when k is divided by v.
9
Calculate the remainder when 3/(-6) + (-212)/(-8) is divided by 14.
12
Let o(i) = -i**2 - 6*i + 3. Suppose 2*t = 2*h + 18, 2*t + 1 = 3*h + 6*t. Calculate the remainder when 2/(-2 - 23/(-11)) is divided by o(h).
6
Let w(i) = -i**3 - 6*i**2 + 11*i. Let b be w(-9). Suppose 4*z = 4*s - b, -5*s + z + z + 180 = 0. What is the remainder when s is divided by 19?
17
Let s(z) = 2*z**3 - 3*z**2 + 1. Let v be s(3). Let u = -12 + v. Let y = 7 - 1. Calculate the remainder when u is divided by y.
4
What is the remainder when 27 is divided by -3*(2 - (4 - 0))?
3
Suppose 0 = 2*p - 8, 3*j - 3*p + 8 = 203. Let s(a) = 6*a - 18. What is the remainder when j is divided by s(6)?
15
Suppose 4*a + 10 = -5*n, 3*n = -0*n - 3*a - 9. Let t(o) = -o**n + o**2 + 1 + o**2. What is the remainder when 29 is divided by t(-3)?
9
Let o = 46 - 23. Suppose 0 = 5*l + f - o, 0 = 5*l - 4*f + 17 - 50. Suppose l*j - 104 = j. What is the remainder when j is divided by 9?
8
Let y(h) = 22*h - 1. Let j = 9 - 7. What is the remainder when y(j) is divided by 15?
13
Suppose -6*w + 16 = -2*w. Suppose 4*g - w = 4. Calculate the remainder when 2 is divided by g.
0
Let v(a) = a**3 - 10*a**2 + 3*a - 19. What is the remainder when 31 is divided by v(10)?
9
Let d(t) = 11*t + 5. Calculate the remainder when d(3) is divided by (-4)/(-18) + 460/36.
12
What is the remainder when 7 - 600/88 - (-251)/11 is divided by 12?
11
Suppose t - 21 = 2*p + 2*p, 0 = 2*t + p - 24. Calculate the remainder when 50 is divided by t.
11
Suppose -c + 92 = 5*h, 3*c + h - 304 = -0*h. Calculate the remainder when c is divided by 13.
11
Let k = -8 + 11. Let u = -6 + 4. Calculate the remainder when k is divided by (u + 1)/((-2)/4).
1
Let t(o) be the second derivative of o**4/6 - 2*o**3/3 - 2*o**2 + o. Calculate the remainder when t(6) is divided by 15.
14
Suppose 0 = -k - k + 4. Let u(y) = -y - 6 + 12*y**k + 5*y + y**3 + 0. Calculate the remainder when u(-11) is divided by 24.
23
Let h = 16 + -10. Let q(z) = z**3 - 4*z**2 - 7*z - 4. What is the remainder when q(h) is divided by 7?
5
Suppose 6 = 4*m - 2*m. Suppose -x = 3*b + x - 37, b - m*x - 16 = 0. What is the remainder when 38 is divided by b?
12
Let q(i) = -i**3 + 3*i**2 - 2. Let l be q(2). Suppose 4*t - 107 = l*y - y, -50 = -2*t + 4*y. Calculate the remainder when 107 is divided by t.
26
Let w(l) = -l**3 + 3*l**2 + 4*l + 4. Let g(r) = 24*r**3 - r. Let h be g(1). Let t = -8 + h. Calculate the remainder when t is divided by w(4).
3
Suppose 60 = -7*h + 11*h. Calculate the remainder when h is divided by 11.
4
Suppose 2*u - 47 = 13. What is the remainder when u is divided by 1/(10/(-11) - -1)?
8
Let p = 25 + -22. Calculate the remainder when p is divided by 2.
1
Let p(h) = 2*h + 2*h + 1 - 2 - h. What is the remainder when 23 is divided by p(3)?
7
Suppose 3 = -4*f + 11. Calculate the remainder when f/(-2) - -1 - -2 is divided by 1.
0
Let n(m) = m**2 + 7*m - 8. Let k be n(-8). Let b = k + 3. Suppose -4*r + 5*x + 3 + 80 = 0, 3*x - 42 = -b*r. What is the remainder when r is divided by 6?
5
Let r = 8 - 5. Suppose -r*k + 32 = k. Calculate the remainder when k is divided by 3.
2
Let o(n) = -n**3 - 15*n**2 - 16*n - 18. What is the remainder when 57 is divided by o(-14)?
7
Suppose 0 = 10*b - 17*b + 42. What is the remainder when 15 is divided by b?
3
Suppose -27 = -3*n + 12. Calculate the remainder when 50 is divided by n.
11
Suppose -9*l - 31 = -139. Calculate the remainder when 17 is divided by l.
5
Let y = -3 + 7. Calculate the remainder when 43 is divided by (-548)/(-36) + y/(-18).
13
Let w = 17 + -4. What is the remainder when 11*2 - 0/(-2) is divided by w?
9
Suppose -8*o - 4*k + 22 = -3*o, -4*o - 2*k = -20. Calculate the remainder when (-4)/(-1)*4/1 is divided by o.
4
Suppose 0 = -0*q + q - 12. What is the remainder when 47 is divided by q?
11
Suppose 150 = p + p. Suppose 3*h = p - 15. Suppose 1 + 27 = 4*g. What is the remainder when h is divided by g?
6
Let z(b) be the second derivative of b**4/6 + b**3/6 - 3*b**2/2 - 3*b. Suppose 5*t - 36 = 39. Calculate the remainder when z(-5) is divided by t.
12
Let y = -11 - -7. Let d = -7 - y. Calculate the remainder when 1/d + (-28)/(-3) is divided by 5.
4
What is the remainder when 1*(115 + (1 - 7 - -2)) is divided by 16?
15
Suppose 0 = -4*k + 31 + 1. What is the remainder when 21 is divided by k?
5
Let q(d) = -d**2 + 9*d - 10. What is the remainder when 26 is divided by q(7)?
2
Let r(x) = x + 4. Let p(q) = q**2 + 6*q. Let j be p(-7). Let n = j - 1. Calculate the remainder when 29 is divided by r(n).
9
Let m = -5 + 7. What is the remainder when 6 is divided by m?
0
Suppose -5*j + 57 = -3*f - 13, -3*j - 2*f = -61. Let w be ((-8)/(-10))/((-4)/(-10)). Calculate the remainder when w/4 - (-126)/4 is divided by j.
15
Let k(g) = -g**2 + 8*g + 18. Calculate the remainder when 33 is divided by k(9).
6
Let w = 40 - 33. Calculate the remainder when 19 is divided by w.
5
Let b be (-120)/(8/4) + 0. Let w = -20 - b. What is the remainder when w is divided by 14?
12
Suppose 84 = -3*w - 4*r + 213, 150 = 3*w - 3*r. What is the remainder when w is divided by 19?
9
Let w(z) = z**3 - 14*z**2 + 3*z + 13. Calculate the remainder when w(14) is divided by 14.
13
Suppose -s + 21 + 6 = 0. What is the remainder when 106 is divided by s?
25
Let l(c) = c**3 + 13*c**2 + 12*c - 7. Let w be l(-12). Calculate the remainder when w + 12/4 + 60 is divided by 15.
11
Let g(i) = -i**3 + i**2 + 137. Calculate the remainder when g(0) is divided by 1 + 36 + (-1)/(-1) + -3.
32
Calculate the remainder when 156 is divided by ((-6)/(-4))/(10/(2240/21)).
12
Suppose 16 = 3*m - 2*m. Let y(h) = 2*h**2 + 7*h + 1. Calculate the remainder when y(-6) is divided by m.
15
Suppose 11*i - 3 - 459 = 0. What is the remainder when i is divided by (2*1 - 1) + 14?
12
Let s = 2 - 2. Suppose s = -2*c - 4*w - 6, 5*c = 3*w + 9 - 63. Calculate the remainder when ((-114)/c)/((-2)/(-3)) is divided by 10.
9
Let v be 2/3*3/(-2). Let x be v/(3/9*-1). Suppose i = -x*i + 20. Calculate the remainder when 9 is divided by i.
4
Suppose 14*x - 13*x - 24 = 0. Calculate the remainder when 69 is divided by x.
21
Suppose 951 + 39 = 5*h. Calculate the remainder when 14 is divided by h/24 - 1/4.
6
Let v(z) = 2*z**2 - 10*z + 6. Let m be v(7). Let i = 47 - m. Calculate the remainder when i is divided by 21/4 + 2/(-8).
3
Let k be (-4)/(-10) + 194/(-10). Let s = 28 + k. Let v(l) = -l - 8. Calculate the remainder when s is divided by v(-12).
1
Let m(u) = u**3 - 11*u**2 + 9*u + 4. Calculate the remainder when m(11) is divided by 26.
25
Let k = -4 - -9. Suppose -k*t = 4*m - 168, 2*m - 3 = -2*t + 65. Suppose -3*u + 37 = 4. Calculate the remainder when t is divided by u.
10
What is the remainder when 46 is divided by (-2)/(-4) - (-57)/2?
17
Suppose -3*h - 10 = 2*h. Let k = 0 + h. What is the remainder when (-1)/(2/k)*43 is divided by 15?
13
Let i = 151 + -48. Calculate the remainder when i is divided by 26.
25
Let h(i) = -11*i**2 + 7*i - 92. Let m(n) = 5*n**2 - 3*n + 46. Let x(u) = 4*h(u) + 9*m(u). What is the remainder when x(0) is divided by 16?
14
Let f = 20 + 21. Suppose 32*r - 33*r = -24. Calculate the remainder when f is divided by 6/r + (-55)/(-4).
13
Suppose 5*w = 61 - 16. What is the remainder when 35 is divided by w?
8
Let x(c) = c**2 + 8*c - 1. Let b be x(-9). What is the remainder when 45 is divided by (b/(-3) - -2)*-24?
13
Let v(o) = 4*o**2 - o - 4. Let j be v(-4). Suppose -k = -5*k + j. What is the remainder when 30 is divided by k?
14
Let n(z) = -7*z - 18. Calculate the remainder when n(-9) is divided by 12.
9
Suppose -82 = -4*g + m, -2*m + m - 2 = 0. Suppose 2*l - 4*t - 20 = 0, -7*t = 5*l - 2*t + 10. Let s = l + 9. What is the remainder when g is divided by s?
9
Let z(r) = -r + 10. Suppose -5*g = -f - 128, -4*f = 4*g - 5*f - 102. Calculate the remainder when g is divided by z(3).
5
Let t(i) = 4*i**3 - 5*i**2 + 4*i - 3. Let k be t(3). Suppose -3*v = v - k. Calculate the remainder when v is divided by 10.
8
Suppose 18 = 3*k - 3*s, 5*s = -0*k - k. Let d be 4/(-2) + 0/(-1). What is the remainder when d/k + (-534)/(-10) is divided by 18?
17
Let y(i) = i**3 + 7